e factors of a?
2, 5, 11, 17
Let i = 101 + 4. Let u = i - 88. What are the prime factors of u?
17
Let y be ((-6)/(-6))/((-2)/(-38)). Suppose -15*v + y*v = 572. Suppose -q + o + 31 = 0, -o = 2*q + 3*q - v. List the prime factors of q.
29
Suppose -a = -f - 4*f - 103, 368 = 4*a + 2*f. Suppose -5*p - a = -4*p. Let s = 156 + p. List the prime factors of s.
3, 7
Let b = 1070 - 667. List the prime factors of b.
13, 31
Let a = -63 + 63. What are the prime factors of (3 + (2 + a)/1)*7?
5, 7
Let f(i) = 5*i**2 - 1 - 5 + 1 + 4 - 4*i + i**3. Let z be f(-5). Suppose 2*k - z = k. List the prime factors of k.
19
Let x(t) = t**3 + 7*t**2 - 2*t - 10. Suppose 0 = 2*u - 7 + 19. What are the prime factors of x(u)?
2, 19
Let k = -56 - -58. Suppose -4*h + k*i = 6*i - 256, 2*h - 110 = 4*i. What are the prime factors of h?
61
Let o(x) = x**3 + 8*x**2 + 2*x - 7. Let w(q) = -q - 1. Let z be w(4). What are the prime factors of o(z)?
2, 29
Suppose -t - 13 = 20. Let i = t - -75. List the prime factors of i.
2, 3, 7
Let c(a) = -24*a - 17. Let r(b) = 71*b + 51. Let g(d) = 7*c(d) + 2*r(d). What are the prime factors of g(-7)?
3, 5, 11
Let j = -50 + -22. What are the prime factors of (-2 + 3/3)*j?
2, 3
Let n(q) = -6*q + 2. Suppose -m + 4*x - 6 = 0, -2*m - 5*x - 22 = 16. Let s(y) = 19*y - 6. Let g(v) = m*n(v) - 4*s(v). List the prime factors of g(4).
2, 7
Let d be (45/20)/((-1)/(-8)). Let u be 8/(-6) - (-35)/15. Let r = d - u. What are the prime factors of r?
17
Let m = -1144 - -2742. What are the prime factors of m?
2, 17, 47
Let f(k) = -538*k - 147. What are the prime factors of f(-2)?
929
Suppose -5*w + 5*u = 6*u - 3304, -5*w + 3284 = -4*u. List the prime factors of w.
2, 3, 5, 11
Let j(z) = z**2 - 8*z - 16. Let s be j(10). Suppose q - 3*q = -3*r + 706, 953 = s*r - 5*q. List the prime factors of r.
2, 29
Let a be (3 + -7)/(-1 - 1). Suppose a*g = -2, -s + 36 = 3*g + g. What are the prime factors of s?
2, 5
Suppose -3*y = y. Suppose 6*v - 12 = -y. What are the prime factors of (v/4)/(3/294)?
7
Suppose -2*h + h = 0, -w + 975 = -5*h. List the prime factors of w.
3, 5, 13
Suppose -3*y + 5*m = -3613, 6*m - 5960 = -5*y + 2*m. What are the prime factors of y?
2, 13, 23
Suppose -7*l - 7 = 35. List the prime factors of 1246/77 - l/(-33).
2
Let n(i) = 4*i - 3. Let x be n(2). Suppose -5*z = x*t - 430, -t - t = 4*z - 352. List the prime factors of z.
2, 3, 5
What are the prime factors of 211 - ((-24)/32)/(1/4)?
2, 107
Let h(c) = -4*c**2 - c - 8*c + 2*c**2 + 10 + 2*c. Let p be h(-6). List the prime factors of (-12)/p - 531/(-15).
2, 3
Let i = -336 - -1040. What are the prime factors of i?
2, 11
Suppose -5*r = 20, 3*s - r = -2*s + 19. Suppose -s*y - 20 = -y. Let f = -7 - y. What are the prime factors of f?
3
Let f(b) = -339*b - 29. List the prime factors of f(-7).
2, 293
Let w = 10 + -11. Let u(m) = -66*m + 1. Let f be u(w). Suppose 3*r = 6*r + 3*o - 39, f = 5*r + 3*o. List the prime factors of r.
2, 7
Let t = -47 - -46. List the prime factors of (-4)/t - -95 - -3.
2, 3, 17
What are the prime factors of 1046/6 - 152/(-228)?
5, 7
Let g be 424/(-6) + (-4)/12. Let d(x) = 11*x + 13. Let n be d(10). Let q = g + n. What are the prime factors of q?
2, 13
Let d = 364 + 977. What are the prime factors of d?
3, 149
Let i = -940 - -1705. List the prime factors of i.
3, 5, 17
Suppose -5*k - 269 = -5*i + 2*i, 0 = -i - 4*k + 67. Let r = i - 22. What are the prime factors of r?
61
List the prime factors of (-1 + (-1486)/(-6))*(-273 - -282).
2, 3, 5, 37
Let i be -3*(-68)/(-30)*-5. Suppose 0 = -35*o + i*o + 90. List the prime factors of o.
2, 3, 5
Let o be (3/2)/((-297)/100 - -3). Let x = -57 - -23. Let u = x + o. List the prime factors of u.
2
Let d(n) = -4 - 16*n + 4*n - 6*n. Let p be d(2). What are the prime factors of (-6)/27 + p/(-18)?
2
Let c be (-16 + 2)/((-2)/(-1)). Let v = 11 + c. Suppose -v*d + 240 = d. What are the prime factors of d?
2, 3
Suppose 4*k - 59 - 421 = 0. Let s = k - 72. What are the prime factors of s?
2, 3
Let q(w) = -2*w**3 - 19*w**2 - 10*w - 18. What are the prime factors of q(-13)?
5, 7, 37
Let m(q) = q**3 - q + 3. Let z be m(0). Suppose z*f - 165 = -5*h, 0 = -f - 3*h + 9 + 46. List the prime factors of f.
5, 11
List the prime factors of ((-2601)/12)/(24/(-64)).
2, 17
Let y = 12 - 2. Let i = y - 8. Suppose -3*x = -4*w + 55, -19 = -w + i*x - 4. What are the prime factors of w?
13
Let d = 31 + -144. Let r = 208 + d. Suppose 5*l - r = 60. What are the prime factors of l?
31
Let k be (100/(-75))/((-8)/18). Suppose 0 = k*p + 3*p - 372. What are the prime factors of p?
2, 31
Let t be (-5)/(-2)*20/25. Suppose -3*o + 35 = t. Let j = o - -2. List the prime factors of j.
13
Let x(p) = p**3 + 6*p**2 - 2*p - 3. Let j = -4 - 2. What are the prime factors of x(j)?
3
List the prime factors of 16676/30 + 52/390.
2, 139
List the prime factors of (5/4)/((-254782)/(-50952) + -5).
3, 5, 193
Suppose 9*w = 13*w - 8. Suppose a = -w*y - 3*y + 110, y + a = 18. Suppose 0 = 3*u + t - 71, -u = -0*u + t - y. What are the prime factors of u?
2, 3
Let b = -6 - -12. Let m be b/5*15/6. Let t = m - 0. List the prime factors of t.
3
Let l = 24 + -110. Let x = -26 - l. What are the prime factors of x?
2, 3, 5
Let y(k) = k**2 + 10*k + 5. Let j be y(-10). Let w = 8 - j. Suppose d - w*b = 37, -3*d + b + 59 = 5*b. What are the prime factors of d?
5
Let p be (10/(-25))/(-1)*5. Suppose 185 = 3*i - 2*w, 126 = p*i + 4*w - 8*w. Let h = i + -34. What are the prime factors of h?
3
Let t be 1 - (-11 - (2 + -4)). Suppose -3*r + t = 2*r. Suppose -4 = r*n - 10. What are the prime factors of n?
3
Suppose 0 = k - 752 - 147. What are the prime factors of k?
29, 31
Suppose -v = q - 15, -4*q = 3*v - 2*q - 42. Suppose -6*c - 5*p + 40 = -c, -c + 3*p - v = 0. List the prime factors of c.
3
Let f(q) = 42*q**2 + 4. Let s be f(-2). Let h be (-2)/4 - s/(-8). Suppose h = c + 1. What are the prime factors of c?
2, 5
Let x = 216 - 51. What are the prime factors of x?
3, 5, 11
Let w(c) = c**3 - 7*c**2 - 10*c + 12. Suppose -23 + 63 = 5*g. Let i be w(g). Let y = 6 - i. What are the prime factors of y?
2, 5
Suppose 2*g + v - 256 = 0, 2*v - v - 514 = -4*g. Suppose 3*d - 47 = -2*m - 0*m, 4*m = d + g. What are the prime factors of m?
31
Suppose -8505 = -37*u + 32*u + 5*d, 5*u - 3*d = 8503. List the prime factors of u.
2, 5, 17
Suppose 0*q + q + 1594 = 4*a, -10 = -5*q. What are the prime factors of a?
3, 7, 19
Suppose -6 = -2*s, 3*a = -2*s - 197 - 31. Let k be 5/(-2)*a/5. List the prime factors of -1*2/(-3)*k.
2, 13
Let s be ((-130)/(-15))/(6/(-27)). Suppose 2*k - 84 - 22 = 2*o, -2*o = 2*k + 118. Let l = s - o. List the prime factors of l.
17
Let p(z) = 20*z**2 - 5*z + 12 - z**3 - 46 - 5*z - 2*z. List the prime factors of p(19).
3, 11
What are the prime factors of -3*(-18)/15*2000/36?
2, 5
Let y = 358 - -179. List the prime factors of y.
3, 179
Suppose -2*v = v + 6, 0 = -3*b - v + 6814. List the prime factors of b.
2, 71
Let u(w) be the first derivative of 9*w**2 + w + 4. Let j be u(1). Suppose j = k - 0*k. What are the prime factors of k?
19
Let w = -6 + 8. List the prime factors of -1*4*w/(28/(-35)).
2, 5
Let f(r) = r**3 + 3*r**2 - 3*r - 5. Let y be f(-4). Let v = y - -135. What are the prime factors of v?
2, 3, 7
Let a(h) = -h**3 - h**2 + 5*h - 6. Let b(t) = -t**2 + t. Let d(o) = a(o) + 4*b(o). List the prime factors of d(-7).
29
Let i(c) = c**2 - c - 6. Let p be i(-2). Suppose 2*f + f - 633 = -5*g, 3*f + 12 = p. What are the prime factors of g?
3, 43
Let s(a) = 5*a + 2. Let w be s(2). Let z = w - -36. Let p = 83 - z. List the prime factors of p.
5, 7
Let z = 799 + -676. List the prime factors of z.
3, 41
Let r = -24 + 23. Let t be (-2 - r - -2)*109. Let o = -64 + t. What are the prime factors of o?
3, 5
Let s(q) = q**2 - 5*q + 15. Let z = 131 + -117. What are the prime factors of s(z)?
3, 47
Let q be ((-3)/6)/(2/12*-1). Suppose q*b = b + u + 62, 4*u = 3*b - 83. List the prime factors of b.
3, 11
Suppose u = 279 + 1831. List the prime factors of u.
2, 5, 211
Suppose -3 = -4*q + 5. List the prime factors of (440/25)/(q/10 - 0).
2, 11
Suppose 211 - 1171 = -3*u. List the prime factors of u.
2, 5
Let l = -35 - -23. Let u = l + 19. Suppose 0 = 3*z - u - 5. List the prime factors of z.
2
What are the prime factors of 13632/(-18)*90/(-20)?
2, 3, 71
L